14 = -130. Let c = 128 - d. Suppose v - 2*f + c = 2*v, 45 = v - 3*f. Calculate the highest common factor of 12 and v.
12
Suppose -x - 3*r = 2, -3*r + 26 - 93 = -4*x. Let q(v) = 324*v**2 + 3*v - 2. Let y be q(1). What is the greatest common divisor of y and x?
13
Suppose 300 = 5*t - 5*r, -6*r = t - 2*r - 110. Let h be (1 + 2)/((-3)/(-28)). Calculate the greatest common divisor of h and t.
14
Suppose 20*d = d - 6*d + 433350. What is the highest common divisor of 27 and d?
27
Let z(j) = 227*j - 639. Let x be z(3). Suppose 0 = -3*v + 12 + 51. Calculate the highest common divisor of v and x.
21
Suppose 0 = -3*i, -q - 3*i - 346 = -133. Let h = q + 228. Calculate the greatest common divisor of 30 and h.
15
Suppose -52*a = -47133 + 37929. What is the highest common factor of a and 14278?
59
Let v be (-172)/(-17) - 4/34*1. Let u be (-9894)/(-10) - (-1 + 4/v). Calculate the greatest common factor of u and 22.
22
Let z(t) be the second derivative of t**5/20 - t**4/4 + 5*t. Let x be z(3). Suppose x = -j + 1 + 17. Calculate the highest common divisor of 72 and j.
18
Let y = -22486 - -27406. Calculate the highest common factor of y and 600.
120
Let y = 35 + -30. Let u = 19 - y. Suppose u*x - 9*x - 55 = 0. What is the highest common factor of x and 77?
11
Let m be 9/(8/224*-4). Let h be (-758)/(-3) - 21/m. Calculate the highest common factor of h and 22.
11
Suppose 0 = -k - 5*s + 533, 0*k - 5*k + s = -2613. Suppose 4*j + 51 = k. Calculate the greatest common divisor of 2 and j.
2
Let m(c) = 2*c**3 + 17*c**2 + c - 54. Let s be m(-8). Suppose -h - h = -s*x - 2164, 4 = -2*x. Calculate the highest common divisor of h and 18.
18
Let i(a) = 3*a**3 + 3*a**2 - 2*a + 2. Let d be i(-2). Let o(q) = -6*q - 17. Let k be o(d). Calculate the greatest common factor of 95 and k.
19
Suppose 2*z - 91 = -5*h, -5*z + 196 = 2*h - 0*h. Let m = z + -23. Let x be 351/m - 15/(-25). Calculate the greatest common divisor of 3 and x.
3
Let y(j) = j**3 - 3*j**2 - 9*j - 10. Let h be y(8). Let q = 361 - 327. Calculate the greatest common divisor of q and h.
34
Suppose -196*v + 14370 + 2178 = 395*v. Calculate the highest common divisor of v and 9.
1
Let a be 1 - (-2)/((-2)/(-17)). Let u be (-148)/(-37)*(-1)/(-4). Let v be (0 + -12*u)*(-168)/112. What is the highest common divisor of a and v?
18
Suppose 5*r = 3*a - 1, 36 = 5*a + 5*r - 19. Suppose 7*s + a - 35 = 0. Suppose -s*d + 7 = -77. What is the highest common factor of d and 168?
21
Let q(s) = s**3 + 54*s**2 - 107*s - 92. Let t be q(-43). Calculate the greatest common divisor of 16 and t.
16
Suppose 4*z - 96 = 2*k, -z + 0*z = -2*k - 24. Suppose 4*j = 7*j + 171. Let v = 60 + j. Calculate the greatest common factor of v and z.
3
Suppose -5*r - 9 = -2*d, 0 = 5*d + 3*r - 5 - 64. What is the greatest common divisor of d and 1212?
12
Let t be 2*1 + 53/((-901)/2652). Let h = 161 + t. What is the highest common divisor of 28 and h?
7
Let c be 119*-3*14/(-147). Suppose -o = -c - 323. What is the highest common divisor of o and 34?
17
Let x be (8/1 - 1)*(-6 - -7). Suppose -2*v + 50 = -7*v - 3*w, 0 = 2*v + 5*w + 1. Let o = v - -14. What is the highest common factor of x and o?
1
Let p(z) = 6*z**2 - 221*z - 123. Let i be p(38). Suppose -9*n + 459 + 135 = 0. Calculate the highest common divisor of n and i.
11
Suppose 13419 = 13*y - 3429. Calculate the highest common divisor of 96 and y.
48
Let j be (34565 - 0)/5 + 62 + -52. Calculate the greatest common factor of 161 and j.
161
Let r be 39*(4 + 8 + -7). What is the highest common divisor of 15 and r?
15
Let f be ((7 - 1)*-1)/((-3)/2). Suppose -f*n - d = -0*d - 56, -4*n + 4*d = -56. Calculate the highest common factor of n and 126.
14
Let z(m) = -m - 25. Let n be z(-17). Let b(o) = -2*o**3 - 15*o**2 + 9*o + 15. Let y be b(n). What is the highest common divisor of 63 and y?
7
Suppose 0*f = -10*f + 8323 + 59517. What is the highest common factor of 265 and f?
53
Let w(f) = -33*f + 570. Let h be w(16). Calculate the greatest common factor of h and 238.
14
Let t be 26/3 - ((-14)/42 + 2). What is the greatest common factor of t and 889?
7
Let u(y) = 142*y - 1418. Let g be u(11). Calculate the greatest common factor of g and 126.
18
Let q(c) = -24*c + 5. Let w be q(-10). Let y = -49212 - -49282. What is the greatest common factor of w and y?
35
Let k(p) be the first derivative of 2*p**3 + 1/4*p**4 - 12*p - 6 - p**2. Let u be k(-4). Calculate the highest common divisor of 7 and u.
7
Suppose 4*b = -3*t - 11, 3*t - 4*t + 3*b + 18 = 0. Let f(g) = -g**2 - 16*g - 18. Let m be f(-13). Calculate the greatest common factor of m and t.
3
Suppose -158*t = -47*t - 190665 - 55755. Calculate the highest common factor of 120 and t.
60
Let p = -177 - -560. Let m be p/(-11) - 4/22. Let q = m - -39. Calculate the highest common factor of q and 16.
4
Let s be -1 + 2 - (-5)/5. Let b be 6*-1 - (-362)/7 - (-2)/7. Calculate the greatest common divisor of s and b.
2
Suppose 97 + 145 = 22*n. Let p(w) = 5*w**2. Let x be p(1). Suppose v - 131 = -x*q, v = 3*v - 3*q - 236. Calculate the greatest common divisor of n and v.
11
Suppose -126*j + 2553 + 6472 + 5087 = 0. Calculate the highest common factor of 196 and j.
28
Let p be 48*(20/5 + (-718)/(-8)). What is the highest common factor of 10 and p?
10
Let y(n) = 395*n + 1604. Let c be y(30). Calculate the greatest common divisor of c and 14.
14
Let u(v) = -2*v**3 + 71*v**2 - 100*v - 28. Let j be u(34). Calculate the greatest common divisor of j and 68.
4
Let x = 92 + -20. What is the greatest common divisor of x and 684?
36
Let s be -27*14/126 + (-2 - -19*2). Let l = 1 - -2. What is the highest common divisor of s and l?
3
Let r(x) = 3*x**2 + 12 + 0*x + 0*x - x - 6*x**2. Let y be r(5). Let t = 292 - y. Calculate the highest common factor of t and 36.
36
Let q(y) = 6*y**2 + 40*y + 570. Let f be q(-19). Calculate the greatest common factor of 16 and f.
8
Suppose -4*h + 56 = -4*b + 7*b, 0 = h + 3*b - 23. Suppose 2*n - 7 - h = 2*s, 0 = -5*n + s + 37. What is the greatest common factor of 35 and n?
7
Suppose 3*x - 52 = -4*q, 5*x + 303 - 155 = 8*q. What is the greatest common factor of 716 and q?
4
Suppose -2*i = -4*u + 38, 0 = 76*u - 77*u + 2*i + 14. What is the highest common factor of u and 356?
4
Let d = -703 - -934. What is the greatest common divisor of 2695 and d?
77
Let b(d) = 0*d + 106 - 121 - 3*d. Let n be b(-7). Calculate the highest common factor of n and 30.
6
Let p = 3382 - 2171. Suppose -p = -3*i + 1765. What is the highest common divisor of 31 and i?
31
Let y(o) = 2*o**3 - 3*o + 6. Let g be y(2). Suppose 72 - 24 = -g*u. Let d be (-16)/4 + 68/(-6)*u. Calculate the greatest common divisor of 30 and d.
30
Let r = 12 - 11. Let h be 5*(-5)/(4*r/4). Let k = h - -39. What is the highest common divisor of k and 28?
14
Let g be (-28 - 2664/(-96)) + 28629/4. What is the highest common divisor of g and 17?
17
Suppose 0 = 14*g - 15*g + 2. Suppose -3*c + 23 = a + g, 0 = 4*c + a - 27. Suppose 490 = c*q + q. Calculate the highest common divisor of q and 10.
10
Let k(b) = -b**3 + 38*b**2 - 30*b + 32. Let w be k(37). Let m = -141 + w. What is the greatest common divisor of 60 and m?
30
Suppose 10*k + 4*k = -4*k + 23814. Calculate the highest common factor of k and 84.
21
Let w be 370 - (14 - 12)*-1. What is the highest common factor of w and 1953?
93
Let b = -15 - -21. Let r be -1 - (((-144)/9)/8 - 3). What is the greatest common factor of b and r?
2
Suppose -5 = -11*i + 6. Let x be i/((1 - 9/6)*-2). Let p be 1 + 0 + (-1 - -1). Calculate the highest common divisor of p and x.
1
Suppose -5*f - 4*p + 84 = 0, -903*f + 49 = -900*f + p. Let m = 9 - 1. Let x = 16 - m. Calculate the greatest common divisor of x and f.
8
Suppose -b = -s + 17, s - 54 = -2*s + 4*b. Let f(v) = 2*v**3 - 27*v**2 + 21*v - 53. Let l be f(s). Calculate the greatest common divisor of 23 and l.
23
Suppose -6*m + 322*r + 156 = 324*r, 12 = 4*r. Suppose -h + 5 = 5*f, -9 = 4*h - 5*f - 29. Let p = m - h. What is the greatest common factor of 12 and p?
4
Let g(x) = -232*x - 2170. Let c be g(-14). What is the greatest common divisor of c and 147?
49
Suppose 31*x - 823 = 24504. Calculate the highest common divisor of x and 19.
19
Suppose -3*m + 4*m = 33. Suppose 15*x - 1999 = -47*x + 2093. Calculate the highest common factor of m 